se 40 = j - 6*j. Let z = 360 + -353. Let f = z + j. Let k(d) = d**3 - d**2 - 2*d - 1. Give k(f).
-1
Let n = 12 + -7. Suppose d = n*z + 4*d, z + 3*d = 0. Suppose -5*h + 33 = -0*u - 2*u, z = 2*u + 5*h - 17. Let a(x) = x + 5. Give a(u).
1
Let q(r) = -5 - 1 - 3*r**2 + 2 + r**3 - 6*r - 2*r**2. Let z be q(6). Let j(k) be the second derivative of k**4/12 + 2*k**3/3 + 2*k**2 + 3*k. Determine j(z).
4
Let w(m) = 63*m**2 - 190*m**2 + 64*m**2 + 3 + 67*m**2 + 3*m. Determine w(-2).
13
Let u(v) = -v - 29 + 3*v + 31 - 9 - v. Suppose -3*p + 4*h + 11 = 6*h, 0 = -2*p + 3*h + 3. Determine u(p).
-4
Let x(n) = n**2 - 12*n + 8. Let j(h) = h**3 + 12*h**2 - 13*h + 8. Let c be j(-13). Determine x(c).
-24
Let b(y) be the second derivative of y**5/20 - 3*y**4/2 - 19*y**3/6 - y**2 - 144*y - 2. Give b(19).
-2
Let v(w) = -w**3 - 4*w. Let g(l) = -l**3 + l**2 - 4*l. Let f(p) = 4*g(p) - 5*v(p). Let t = -16 + 22. Suppose -m = m + t. What is f(m)?
-3
Let w(g) = -g + 6. Suppose 0 = 3*n - 12, -a + 3*n - 15 = -0*a. Give w(a).
9
Let g(y) = 47*y + 7. Let p be g(0). Let h(t) = -4*t + 24. Give h(p).
-4
Let o(k) = 2*k**2 - 4*k + 4. Let u(c) = -c**2 + 1. Let r(x) = -o(x) - 3*u(x). Give r(-7).
14
Let u be (68/12 + -4)*3. Suppose 7*h - 6*h - u = 0. Let l(q) = -q + 1. Let i(j) = -2*j. Let v(c) = 2*i(c) - 6*l(c). Give v(h).
4
Suppose q + 2 - 7 = 0. Let y(l) be the first derivative of l**2/2 + 3*l + 16. Determine y(q).
8
Let g(f) = f**2 - 8*f + 18. Let h be g(5). Let s be (-10)/(-4) + (-1)/(-2). Let v(p) = 6 - s - 2*p**3 + 2*p**3 - 2*p**2 - p**h. Give v(-3).
12
Let y(l) = 3*l - 9. Let j(q) = -5*q + 17. Let k(r) = 4*j(r) + 7*y(r). Let p(m) = -47*m + 1823. Let o be p(39). Calculate k(o).
-5
Suppose -4*t = -8*t - 32. Let u = t - -28. Let j(h) = -16*h - h**2 - 4 + u*h + 2. Give j(4).
-2
Let d(u) = -2840*u**2 + 4 + 8*u + 5686*u**2 + 4 - 2845*u**2. Calculate d(-6).
-4
Let c(z) = -2*z + 9. Let x be (174/29)/((-6)/(-8)). Determine c(x).
-7
Let p be 1/(-2) - (-30)/4. Let t(a) = a - 5. Let m be t(p). Suppose -3*q + m*i + 4 = 0, 0 = 4*q + 2*i - i - 9. Let s(r) = 2*r**2 - 2*r + 3. What is s(q)?
7
Let g(w) = w**2 - 7. Let i be (-3)/(-2) - (-1 + 20/(-8)). Calculate g(i).
18
Let w(s) = s**2 + 6*s + 4. Let i(n) = 10*n**2 - n - 2. Let y be i(-2). Let k = y - 23. Suppose -k = 2*z - 5. Calculate w(z).
4
Let w(t) = t + 8 - 4*t**2 + 3*t**2 + 5*t. Suppose -z = 2*k + 18, -3*k = -0*k - z + 17. Let n(b) = -8*b - 49. Let f be n(k). Give w(f).
1
Let q be -8*((-6)/4 - -1). Let l(w) be the first derivative of -3 - 1/3*w**3 + 2*w**2 + 0*w. Calculate l(q).
0
Let p(i) = i**2 + i**3 + 0*i**2 + 5*i**2 + 7*i + 3. Suppose -5*z + z = 64. Let l = 11 + z. Calculate p(l).
-7
Let s(m) = -m - 3. Suppose -26*z = -7 - 175. Calculate s(z).
-10
Let v(b) = -6*b. Let d = 189 + -190. Determine v(d).
6
Let v = 510 - 512. Let t(f) be the third derivative of -f**6/360 - f**4/24 + f**2. Let n(g) be the second derivative of t(g). Determine n(v).
4
Let d(l) = 117 - 61 - l**2 - 54 + 7*l. What is d(6)?
8
Let f(t) = t + 3. Suppose 4 = 2*k + 2*v - 4, 3*k = -5*v + 10. Give f(k).
8
Let f(j) be the second derivative of -j**3/2 - 2*j**2 - 300*j. Let d(w) = w**3 + 2*w**2 - w + 3. Let k = 5 - 8. Let h be d(k). What is f(h)?
5
Suppose -10*v = -26*v - 96. Let z be (2/v)/((-1)/(-18)). Let k(n) = -2*n + 1. Determine k(z).
13
Let h be (5 + (-128)/24)*6. Let a(v) = 9*v + 8. Give a(h).
-10
Let v(n) = -369*n + 7 - 370*n + 747*n. Determine v(-5).
-33
Suppose -2 = -z + 2*f, 2*z - 53 = -2*z - f. Let j(p) = 2*p - 1 + z - 2 - 3*p. Determine j(9).
0
Let c(v) be the second derivative of 0*v**3 + 5*v + 1/6*v**4 + v**2 + 0. Determine c(-2).
10
Let r(n) be the second derivative of n**4/12 - n**3/6 - 18*n**2 - 65*n - 2. Give r(0).
-36
Let y(s) = -s**2 + 8*s + 3. Let p(g) = 2*g**2 - 21*g - 7. Let u(w) = 2*p(w) + 5*y(w). Calculate u(6).
-47
Let d(m) = -5*m**3 + 7*m**2 - 6*m + 6. Let v(z) = 9*z**3 - 14*z**2 + 10*z - 11. Let f(b) = 7*d(b) + 4*v(b). Calculate f(8).
46
Let d(n) = n**3 - n. Let r(c) = -5*c**3 + 5*c**2 - 4*c - 2. Let p(z) = -z. Let f(o) = 4*p(o) - r(o). Let u(g) = -4*d(g) + f(g). Determine u(4).
2
Let j(f) = -f**3 - 2*f**2 + 3*f + 4. Let y be j(-3). Suppose y + 4 = 2*x. Suppose -3*m - 4 = w, -3*w - x*m = -5*w + 2. Let n(c) = c + 1. Determine n(w).
0
Let x(j) = j. Let p(m) = -3*m + 1. Let q(z) = -p(z) + 6*x(z). Determine q(-4).
-37
Let y(u) = u + 1. Let k(c) = -c**3 + 4*c**2 - 7*c + 2. Let o(m) = -k(m) - 4*y(m). Let v = -12 + 120. Let l = -104 + v. Calculate o(l).
6
Let a(p) = p**3 - p**2 + p. Let v = -184 - -184. Give a(v).
0
Let p = -6 + 10. Let f = -1 + p. Let k(n) = 5*n - 6*n**f - 5*n - 1. What is k(-1)?
5
Let w(v) = -v**3 + 2*v - 1. Let o be -10*6/(-90) + 22/(-6). Calculate w(o).
20
Let s(h) = -h**3 + 15*h**2 + 1. Let q be s(15). Let j(a) = 2*a**2 - a + 1. Give j(q).
2
Let n(v) = -3*v**2 + 2*v + 1. Let o(j) = -j**2 - 2*j + 50. Let c be o(-8). What is n(c)?
-7
Let p(x) = 5*x**2 - 8*x - 13. Let c(a) = -9*a**2 + 11*a + 26. Let l(r) = 4*c(r) + 7*p(r). What is l(-13)?
0
Suppose 3*f = -3*o - 6, 2*f - 3*f - 6 = -3*o. Let g(v) = v**3 + 8*v**2 + 3*v - 3. What is g(f)?
33
Let z(x) = 3*x**2 - 5*x - 8. Let o(g) = -2*g**2 + 5*g + 8. Let s = 49 + -45. Let a(i) = s*o(i) + 3*z(i). Calculate a(-6).
14
Let y(h) = h + 6. Let d(n) = -n - 5. Let z be 24/56 - 24/7. Let u(w) = z*y(w) - 4*d(w). Let i(s) = -s - 2. Let g(q) = 6*i(q) + 5*u(q). Calculate g(-6).
4
Let i(b) = 7*b + 4*b + 15 + 7*b - 20*b + 3*b. Suppose -c = -4*c - 21. What is i(c)?
8
Let n(b) = -7*b - 10. Let l(a) = -4*a - 6. Let v(k) = -5*l(k) + 3*n(k). Determine v(6).
-6
Let v(s) = 8*s + 3. Let q = -14 - -47. Suppose 0 = 4*k - 21 + q. Calculate v(k).
-21
Let y(b) = b**3 - 37*b**2 + 30*b + 220. Let j be y(36). Let t(p) = 4*p + 8. What is t(j)?
24
Suppose 0 = -5*y + 15. Let s(n) be the third derivative of 0 + 0*n - 21*n**2 + 1/12*n**4 + 0*n**3. Determine s(y).
6
Let p(s) = s - 11. Let d = 309 - 304. Give p(d).
-6
Let u(b) = b**2 - 3*b - 6. Let r be 24/(-36)*-14*(-6)/8. Give u(r).
64
Let s(n) = 3*n**2 + 2*n - 1. Let h be -1*((-20)/2 + -2). Suppose -3*j = -12 - 18. Let z = j - h. Determine s(z).
7
Let c = 15 + -13. Let s(f) = -8*f**3 - f**2 + 2*f**c - 2*f**2. Let u(i) = -i + 3. Let b be u(4). Determine s(b).
7
Let i(z) = z - 2. Let a be i(-2). Let l be 4/(-12) - 20/(-6). Let b(o) = 0*o**2 + 4*o - o**3 - l*o**2 + 0 + 1. Calculate b(a).
1
Let v = -147 - -152. Let p(y) = y**2 - 2*y - 12. Give p(v).
3
Let y(u) = 11*u**3 - 3*u. Let c(w) = -w**3 + 10*w**2 - 5. Let n be c(10). Let f(p) = -16*p**3 + 4*p. Let x(s) = n*f(s) - 7*y(s). Calculate x(-1).
-4
Let f(m) be the third derivative of -m**6/120 - m**5/20 - m**4/8 - m**3/3 + 61*m**2. Calculate f(-3).
7
Let g(x) be the third derivative of 1/8*x**4 - 5/6*x**3 + 0 + 0*x + 7*x**2. Give g(4).
7
Let s be 3/((-4)/(-20)*(-1 + 6)). Let j(v) = 2*v - 12. Determine j(s).
-6
Let m(j) = -j**2 - 5*j + 6. Let o = -20 - -29. Let y(w) = -w**2 + 13*w - 12. Let s be y(6). Let t be 4/((s/o)/(-5)). What is m(t)?
0
Suppose 16*r - 4*q = 17*r - 21, 2*q - 8 = 0. Let c(a) = -a**2 + 11*a - 7. Determine c(r).
23
Suppose -a + 6*a - 20 = -5*l, -3*l + 12 = 5*a. Let g(q) = 0 + l + q + 0. Let v(c) = 5*c**3 - 2*c - 2. Let w be v(-1). Give g(w).
-1
Let j(n) be the third derivative of -n**6/120 - n**5/12 + n**4/8 - 5*n**3/6 + 8*n**2. Let w be -3 + 0 + -6 + 3. Give j(w).
13
Let o(v) = 4*v - 3. Suppose 7*y + 44 = 9*y. Suppose 2*f - 4*f + y = 5*x, -4*x + 5*f = -11. What is o(x)?
13
Let u(w) = 2*w - 2 - 23*w**3 + 38*w**3 + 6*w**2 - 14*w**3 + 4*w. What is u(-5)?
-7
Let d(y) = 0 + 5*y - 5 - y. Let p(g) be the third derivative of g**6/120 - 3*g**5/20 + g**4/3 + 2*g**3/3 + 12*g**2. Let c be p(8). What is d(c)?
11
Let q(f) = 2*f**3 - 2*f**2 - 2. Let y be q(2). Suppose -5*o = y - 26. Let r(t) be the first derivative of -t**4/4 + 4*t**3/3 - t**2 + 5*t + 17. Determine r(o).
-3
Let c(r) = 16*r + 5*r**2 + 22*r - 33*r - 6*r**2. What is c(8)?
-24
Let q(d) = -11*d + 4. Let t be 12*(3/(-18))/((-3)/9). Determine q(t).
-62
Let v(l) = 3*l - 49. Let k = -1807 + 1828. Calculate v(k).
14
Let k(c) = 0 + 5*c + 3 - 4*c - 9. What is k(5)?
-1
Let m(j) = j**2 + 4*j - 2. Let l(c) = -2*c**2 - 7*c + 3. Let x be 15/25 + 136/(-10). Let h(r) = x*m(r) - 6*l(r). Calculate h(-11).
-3
Suppose 53 = 5*j - 4*g, -4*j + 28 = -2*j - 5*g. Let o = j + -7. Let f(d